de 4788329?
False
Is 3550356 a multiple of 9?
True
Is 151556 a multiple of 75?
False
Is 10 a factor of 83010?
True
Is 54 a factor of 211940?
False
Is 27007968 a multiple of 884?
True
Is 1453144 a multiple of 674?
True
Does 35 divide 82509?
False
Is 15 a factor of 927840?
True
Is 216788 a multiple of 286?
True
Does 203 divide 59747?
False
Is 267 a factor of 283693?
False
Is 12 a factor of 205512?
True
Is 43792 a multiple of 16?
True
Is 49 a factor of 17910?
False
Does 92 divide 3100308?
True
Does 50 divide 499651?
False
Is 19 a factor of 377380?
False
Is 24800 a multiple of 40?
True
Does 13 divide 11410?
False
Is 11 a factor of 13307866?
True
Does 33 divide 2049531?
True
Is 7 a factor of 132748?
True
Is 44 a factor of 148525?
False
Does 116 divide 366908?
True
Is 769833 a multiple of 195?
False
Is 4 a factor of 379636?
True
Is 26 a factor of 121966?
True
Is 35 a factor of 11328891?
False
Is 50 a factor of 170300?
True
Is 1043840 a multiple of 32?
True
Is 2353494 a multiple of 26?
True
Is 987783 a multiple of 80?
False
Does 17 divide 256453?
False
Is 572 a factor of 6391970?
False
Is 9 a factor of 118833?
False
Is 8 a factor of 4154979?
False
Does 34 divide 114242?
False
Does 7 divide 2708069?
True
Is 646396 a multiple of 21?
False
Is 86 a factor of 139812?
False
Does 32 divide 2369226?
False
Is 42 a factor of 587538?
True
Is 26 a factor of 70408?
True
Is 3385180 a multiple of 10?
True
Is 4299850 a multiple of 46?
True
Does 172 divide 593293?
False
Is 401 a factor of 519125?
False
Does 61 divide 116512?
False
Does 61 divide 223729?
False
Does 25 divide 1487525?
True
Is 172469 a multiple of 10?
False
Does 219 divide 17743449?
False
Is 3488 a multiple of 16?
True
Is 523600 a multiple of 425?
True
Does 9 divide 212020?
False
Does 14 divide 4343276?
True
Is 25 a factor of 286700?
True
Is 17136078 a multiple of 59?
True
Does 454 divide 217377?
False
Is 544436 a multiple of 5?
False
Is 11 a factor of 216095?
True
Does 73 divide 412888?
True
Is 179 a factor of 147582?
False
Does 6 divide 135834?
True
Is 254811 a multiple of 471?
True
Is 523410 a multiple of 653?
False
Is 8 a factor of 65739?
False
Is 570 a factor of 7332480?
True
Is 6860066 a multiple of 29?
True
Is 66286 a multiple of 4?
False
Is 422 a factor of 48530?
True
Is 11 a factor of 5819?
True
Is 199136 a multiple of 112?
True
Is 36 a factor of 454212?
True
Is 51 a factor of 384897?
True
Is 1154880 a multiple of 72?
True
Does 3 divide 82566?
True
Is 10 a factor of 4864630?
True
Does 26 divide 157097?
False
Does 248 divide 136400?
True
Is 6345803 a multiple of 29?
False
Does 102 divide 660927?
False
Is 50 a factor of 23549?
False
Is 8778340 a multiple of 134?
True
Is 7 a factor of 5854989?
True
Is 366943 a multiple of 9?
False
Is 2176 a multiple of 68?
True
Does 43 divide 258948?
False
Does 320 divide 10880?
True
Does 19 divide 276116?
False
Is 316 a factor of 1182580?
False
Does 16 divide 403017?
False
Is 1327776 a multiple of 2?
True
Is 19 a factor of 5149?
True
Is 15980733 a multiple of 265?
False
Does 142 divide 54386?
True
Does 9 divide 216018?
True
Does 74 divide 34114?
True
Does 402 divide 5142372?
False
Is 16 a factor of 91984?
True
Does 11 divide 1435284?
False
Does 585 divide 4131270?
True
Does 222 divide 5203902?
True
Does 129 divide 567098?
False
Does 11 divide 4576398?
False
Is 792453 a multiple of 483?
False
Is 98470 a multiple of 206?
False
Is 3106123 a multiple of 48?
False
Does 68 divide 7866?
False
Does 2068 divide 18950780?
False
Is 4 a factor of 873444?
True
Is 584753 a multiple of 13?
True
Is 13 a factor of 29290898?
True
Is 162756 a multiple of 27?
True
Does 138 divide 1242?
True
Is 8700 a multiple of 15?
True
Does 64 divide 3171520?
True
Does 827 divide 1099910?
True
Is 46549 a multiple of 2?
False
Is 18311680 a multiple of 16?
True
Does 100 divide 70219?
False
Is 1473108 a multiple of 71?
True
Does 12 divide 82187?
False
Does 4 divide 156756?
True
Is 10 a factor of 222760?
True
Is 245 a factor of 5698798?
False
Is 49 a factor of 371813?
False
Does 23 divide 142440?
False
Does 2 divide 26714?
True
Does 16 divide 345031?
False
Is 9 a factor of 120567?
False
Is 318250 a multiple of 25?
True
Is 188 a factor of 5382650?
False
Is 41 a factor of 390074?
True
Is 3599804 a multiple of 37?
True
Does 7 divide 4844?
True
Is 9042836 a multiple of 67?
False
Is 21 a factor of 501754?
False
Is 57041 a multiple of 2?
False
Is 17 a factor of 342440?
False
Is 1272612 a multiple of 186?
True
Is 8173834 a multiple of 1500?
False
Does 11 divide 614812?
True
Is 11 a factor of 833272?
True
Is 5 a factor of 313420?
True
Is 276 a factor of 1764773?
False
Does 112 divide 7111281?
False
Is 9675184 a multiple of 16?
True
Does 19 divide 9411555?
True
Is 8773521 a multiple of 274?
False
Is 53847 a multiple of 375?
False
Is 110 a factor of 209110?
True
Is 198 a factor of 226908?
True
Is 163057 a multiple of 97?
True
Is 54 a factor of 760914?
True
Is 1664646 a multiple of 6?
True
Does 393 divide 300497?
False
Does 12 divide 1835533?
False
Is 3224934 a multiple of 21?
False
Is 35 a factor of 1539650?
True
Is 6 a factor of 90492?
True
Does 1091 divide 837888?
True
Is 764 a factor of 5444053?
False
Is 8170700 a multiple of 70?
False
Is 2798584 a multiple of 706?
True
Does 577 divide 4371796?
False
Does 13 divide 32955?
True
Is 196 a factor of 135455?
False
Is 268 a factor of 11524?
True
Does 33 divide 22446?
False
Is 7 a factor of 16037?
True
Is 5 a factor of 132550?
True
Does 165 divide 1043004?
False
Does 20 divide 67878?
False
Does 12 divide 9713111?
False
Is 1944221 a multiple of 166?
False
Is 425 a factor of 425850?
True
Does 20 divide 217721?
False
Is 1119423 a multiple of 57?
True
Does 80 divide 2782000?
True
Is 5 a factor of 65265?
True
Does 3 divide 137716?
False
Is 14520894 a multiple of 37?
False
Is 26 a factor of 442418?
False
Does 4 divide 132812?
True
Is 373091 a multiple of 159?
False
Is 3726041 a multiple of 11?
True
Does 12 divide 2121900?
True
Does 28 divide 3805200?
True
Is 14842 a multiple of 2?
True
Is 1542868 a multiple of 888?
False
Is 452400 a multiple of 29?
True
Is 2038863 a multiple of 21?
False
Is 5414019 a multiple of 709?
False
Is 336 a factor of 779520?
True
Is 10 a factor of 13437?
False
Is 25468 a multiple of 21?
False
Is 390765 a multiple of 39?
False
Does 22 divide 487716?
False
Does 30 divide 17315663?
False
Is 1859 a factor of 26512992?
False
Does 32 divide 236096?
True
Is 506795 a multiple of 94?
False
Is 886779 a multiple of 72?
False
Does 8 divide 13004?
False
Is 6270294 a multiple of 426?
True
Is 133 a factor of 612199?
True
Is 4 a factor of 246468?
True
Is 1999410 a multiple of 14?
True
Is 1692976 a multiple of 76?
True
Does 7 divide 102697?
True
Is 6625852 a multiple of 556?
True
Does 3 divide 1626972?
True
Is 4611530 a multiple of 14?
True
Is 73 a factor of 10226570?
True
Does 247 divide 749710?
False
Is 546680 a multiple of 8?
True
Does 18 divide 10620?
True
Is 210463 a multiple of 209?
True
Is 187440 a multiple of 189?
False
Does 2 divide 100111?
False
Is 2 a factor of 243762?
True
Is 9770670 a multiple of 49?
False
Is 87 a factor of 213063?
True
Does 103 divide 131737?
True
Does 15 divide 90120?
True
Does 288 divide 10648656?
False
Is 163 a factor of 6645011?
False
Is 3406 a factor of 34802508?
True
Does 778 divide 10256374?
True
Is 436607 a multiple of 123?
False
Does 33 divide 9504?
True
Is 501 a factor of 300600?
True
Does 12 divide 1986312?
True
Does 29 divide 30277699?
False
Is 25 a factor of 153233?
False
Does 13 divide 2626451?
False
Is 706 a factor of 2151888?
True
Is 10 a factor of 1446098?
False
Is 76 a factor of 906604?
True
Does 5 divide 201180?
True
Is 11568 a multiple of 111?
False
Does 28 divide 3122205?
False
Is 1063920 a multiple of 930?
True
Is 105417 a multiple of 8?
False
Is 424 a factor of 214654?
False
Is 12 a factor of 4437389?
False
Is 298496 a multiple of 212?
True
Does 620 divide 4247000?
True
Is 13 a factor of 5646862?
True
Is 9 a factor of 111888?
True
Is 1133451 a multiple of 107?
True
Is 4046340 a multiple of 1020?
True
Is 341563 a multiple of 19?
True
Is 73279 a multiple of 127?
True
Does 27 divide 962469?
True
Is 4071900 a multiple of 75?
True
Is 121 a factor of 66699?
False
Is 126020 a multiple of 20?
True
Is 8 a factor o